{"id":13766,"date":"2017-03-23T08:13:20","date_gmt":"2017-03-23T08:13:20","guid":{"rendered":"https:\/\/darkslategray-emu-634431.hostingersite.com\/sobre-mi\/"},"modified":"2026-01-27T18:27:52","modified_gmt":"2026-01-27T18:27:52","slug":"sobre-mi","status":"publish","type":"page","link":"https:\/\/www.temp.sosmy.business\/es\/sobre-mi\/","title":{"rendered":"Sobre m\u00ed"},"content":{"rendered":"<div class=\"wpb-content-wrapper\"><p>[vc_row row_content_width=\u00bbgrid\u00bb css=\u00bb.vc_custom_1491831764066{padding-top: 80px !important;background-color: #ffffff !important;}\u00bb][vc_column offset=\u00bbvc_col-md-12&#8243;][vc_row_inner row_content_width=\u00bbgrid\u00bb][vc_column_inner offset=\u00bbvc_col-lg-3 vc_col-md-4&#8243;][vc_column_text]<b>JESSICA SIMONIUS<\/b>[\/vc_column_text][vc_empty_space height=\u00bb10px\u00bb][vc_single_image image=\u00bb4681&#8243; img_size=\u00bbfull\u00bb][\/vc_column_inner][vc_column_inner offset=\u00bbvc_col-lg-9 vc_col-md-8&#8243;][vc_single_image image=\u00bb13773&#8243; img_size=\u00bblarge\u00bb][vc_empty_space height=\u00bb15px\u00bb][vc_column_text]<span style=\"font-weight: 400;\">Heredera de una de las familias nobles m\u00e1s antiguas de Suiza, Jessica Simonius representa la s\u00edntesis perfecta entre la tradici\u00f3n centenaria y la visi\u00f3n empresarial contempor\u00e1nea. Criada entre los vi\u00f1edos hist\u00f3ricos de Propri\u00e9t\u00e9 Veillon Au Clo\u00eetre, desarroll\u00f3 desde muy joven una profunda pasi\u00f3n por el arte de la vinificaci\u00f3n que ha caracterizado el patrimonio familiar durante m\u00e1s de doscientos a\u00f1os. Tras completar su formaci\u00f3n en administraci\u00f3n de empresas en prestigiosas universidades europeas y adquirir experiencia en los diversos sectores empresariales de la familia, Jessica opt\u00f3 por dedicar su carrera a la promoci\u00f3n de la excelencia del vino franco-suizo. Su misi\u00f3n es llevar al mundo la refinada tradici\u00f3n de los vinos alpinos, combinando la experiencia transmitida de generaci\u00f3n en generaci\u00f3n con innovadoras estrategias comerciales. Bajo su liderazgo, SIMONIUS Fine Swiss Wine se ha convertido en sin\u00f3nimo de calidad superior y autenticidad, representando la evoluci\u00f3n natural de un patrimonio familiar que une nobleza, competencia y pasi\u00f3n por la excelencia. <\/span>[\/vc_column_text][vc_empty_space height=\u00bb140px\u00bb][\/vc_column_inner][\/vc_row_inner][vc_separator][\/vc_column][\/vc_row][vc_row row_content_width=\u00bbgrid\u00bb css=\u00bb.vc_custom_1492074346410{padding-top: 145px !important;padding-bottom: 140px !important;}\u00bb][vc_column]<div class=\"eltdf-section-title-holder\" style=\"text-align: center\">\n\t\t\t<h2 class=\"eltdf-st-title\" >\n\t\t\t<span>A\u00d1OS DE EXPERIENCIA<\/span>\n\t\t<\/h2>\n                    <div class=\"eltdf-st-separator clearfix\">\n                <div class=\"eltdf-separator\" ><\/div>\n            <\/div>\n        \t\t\t\t<h4 class=\"eltdf-st-subtitle\" >\n\t\t<span>El recorrido profesional de Jessica Simonius, desde la formaci\u00f3n acad\u00e9mica hasta el liderazgo en el sector del vino de lujo.<\/span>\n\t\t<\/h4>\n\t\t<\/div>[vc_empty_space height=\u00bb70px\u00bb]<div class=\"eltdf-elements-holder eltdf-responsive-mode-768\" ><div class=\"eltdf-eh-item \" data-item-class=\"eltdf-eh-custom-647559\" data-1024-1280=\"0 5%\" data-768-1024=\"0 0%\" data-600-768=\"0 0%\" data-480=\"0 0%\" >\n\t<div class=\"eltdf-eh-item-inner\" style=\"background-image: url();background-size: cover\">\n\t\t<div class=\"eltdf-eh-item-content eltdf-eh-custom-647559\" style=\"padding: 0 11%\">\n\t\t\t<div class=\"eltdf-item-showcase-holder clearfix eltdf-is-narrow_image\"><div class=\"eltdf-is-item eltdf-is-left\">\n\t<div class=\"eltdf-is-content\">\n\t\t\t\t\t<h5 class=\"eltdf-is-title\" >\n\t\t\t\t\t\t\t\t2007 - 2009\t\t\t\t\t\t\t<\/h5>\n\t\t\t\t\t\t\t<p class=\"eltdf-is-text\" >M\u00e1ster en International Business Management en la Universidad de San Galo, con especializaci\u00f3n en bienes de lujo y mercados vin\u00edcolas internacionales, con enfoque en los territorios alpinos.<\/p>\n\t\t\t<\/div>\n<\/div><div class=\"eltdf-is-item eltdf-is-left\">\n\t<div class=\"eltdf-is-content\">\n\t\t\t\t\t<h5 class=\"eltdf-is-title\" >\n\t\t\t\t\t\t\t\t2009 - 2010\t\t\t\t\t\t\t<\/h5>\n\t\t\t\t\t\t\t<p class=\"eltdf-is-text\" >Pr\u00e1cticas formativas en la Propri\u00e9t\u00e9 Veillon Au Clo\u00eetre, aprendiendo las t\u00e9cnicas tradicionales de vinificaci\u00f3n y desarrollando competencias en la gesti\u00f3n del patrimonio vitivin\u00edcola familiar.<\/p>\n\t\t\t<\/div>\n<\/div><div class=\"eltdf-is-item eltdf-is-left\">\n\t<div class=\"eltdf-is-content\">\n\t\t\t\t\t<h5 class=\"eltdf-is-title\" >\n\t\t\t\t\t\t\t\t2010 - 2013\t\t\t\t\t\t\t<\/h5>\n\t\t\t\t\t\t\t<p class=\"eltdf-is-text\" >Business Development Manager para el grupo familiar Simonius, coordinando inversiones en diversos sectores de la econom\u00eda suiza y adquiriendo experiencia en gesti\u00f3n empresarial multisectorial.<\/p>\n\t\t\t<\/div>\n<\/div><div class=\"eltdf-is-item eltdf-is-right\">\n\t<div class=\"eltdf-is-content\">\n\t\t\t\t\t<h5 class=\"eltdf-is-title\" >\n\t\t\t\t\t\t\t\t2013 - 2014\t\t\t\t\t\t\t<\/h5>\n\t\t\t\t\t\t\t<p class=\"eltdf-is-text\" >Consultora estrat\u00e9gica para bodegas europeas de gama premium, desarrollando competencias en marketing internacional de vinos de excelencia y luxury branding.<\/p>\n\t\t\t<\/div>\n<\/div><div class=\"eltdf-is-item eltdf-is-right\">\n\t<div class=\"eltdf-is-content\">\n\t\t\t\t\t<h5 class=\"eltdf-is-title\" >\n\t\t\t\t\t\t\t\t2014 - 2016\t\t\t\t\t\t\t<\/h5>\n\t\t\t\t\t\t\t<p class=\"eltdf-is-text\" >Directora comercial de las actividades vin\u00edcolas familiares, implementando estrategias para valorizar la cartera Veillon Au Clo\u00eetre y preparando la expansi\u00f3n comercial.<\/p>\n\t\t\t<\/div>\n<\/div><div class=\"eltdf-is-item eltdf-is-right\">\n\t<div class=\"eltdf-is-content\">\n\t\t\t\t\t<h5 class=\"eltdf-is-title\" >\n\t\t\t\t\t\t\t\t2017\t\t\t\t\t\t\t<\/h5>\n\t\t\t\t\t\t\t<p class=\"eltdf-is-text\" >Fundadora y Directora General de SIMONIUS Fine Swiss Wine, realizando la visi\u00f3n de llevar la excelencia vin\u00edcola franco-suiza a los mercados internacionales de lujo.<\/p>\n\t\t\t<\/div>\n<\/div><div class=\"eltdf-is-image\" style=\"margin-top: 196px\"><img loading=\"lazy\" decoding=\"async\" width=\"58\" height=\"125\" src=\"https:\/\/www.temp.sosmy.business\/wp-content\/uploads\/2017\/03\/about-me-title-img1.png\" class=\"attachment-full size-full\" alt=\"a\" \/><\/div><\/div>\t\t<\/div>\n\t<\/div>\n\t<\/div><\/div>[\/vc_column][\/vc_row][vc_row row_content_width=\u00bbgrid\u00bb][vc_column width=\u00bb1\/3&#8243;][vc_empty_space][\/vc_column][vc_column width=\u00bb1\/3&#8243;]<div class=\"eltdf-section-title-holder\" >\n\t\t\t<h2 class=\"eltdf-st-title\" >\n\t\t\t<span>Cont\u00e1ctanos<\/span>\n\t\t<\/h2>\n                    <div class=\"eltdf-st-separator clearfix\">\n                <div class=\"eltdf-separator\" ><\/div>\n            <\/div>\n        \t\t\t<\/div>\n<div class=\"wpcf7 no-js\" id=\"wpcf7-f13683-o1\" lang=\"es-ES\" dir=\"ltr\" data-wpcf7-id=\"13683\">\n<div class=\"screen-reader-response\"><p role=\"status\" aria-live=\"polite\" aria-atomic=\"true\"><\/p> <ul><\/ul><\/div>\n<form action=\"\/es\/wp-json\/wp\/v2\/pages\/13766#wpcf7-f13683-o1\" method=\"post\" class=\"wpcf7-form init\" aria-label=\"Formulario de contacto\" novalidate=\"novalidate\" data-status=\"init\">\n<fieldset class=\"hidden-fields-container\"><input type=\"hidden\" name=\"_wpcf7\" value=\"13683\" \/><input type=\"hidden\" name=\"_wpcf7_version\" value=\"6.1.4\" \/><input type=\"hidden\" name=\"_wpcf7_locale\" value=\"es_ES\" \/><input type=\"hidden\" name=\"_wpcf7_unit_tag\" value=\"wpcf7-f13683-o1\" \/><input type=\"hidden\" name=\"_wpcf7_container_post\" value=\"0\" \/><input type=\"hidden\" name=\"_wpcf7_posted_data_hash\" value=\"\" \/>\n<\/fieldset>\n<div>\n\t<p><span class=\"wpcf7-form-control-wrap\" data-name=\"your-name\"><input size=\"40\" maxlength=\"400\" class=\"wpcf7-form-control wpcf7-text wpcf7-validates-as-required\" aria-required=\"true\" aria-invalid=\"false\" placeholder=\"Su nombre*\" value=\"\" type=\"text\" name=\"your-name\" \/><\/span>\n\t<\/p>\n<\/div>\n<div>\n\t<p><span class=\"wpcf7-form-control-wrap\" data-name=\"email\"><input size=\"40\" maxlength=\"400\" class=\"wpcf7-form-control wpcf7-email wpcf7-validates-as-required wpcf7-text wpcf7-validates-as-email\" aria-required=\"true\" aria-invalid=\"false\" placeholder=\"Su correo electr\u00f3nico*\" value=\"\" type=\"email\" name=\"email\" \/><\/span>\n\t<\/p>\n<\/div>\n<div>\n\t<p><span class=\"wpcf7-form-control-wrap\" data-name=\"your-message\"><textarea cols=\"40\" rows=\"8\" maxlength=\"2000\" class=\"wpcf7-form-control wpcf7-textarea\" aria-invalid=\"false\" placeholder=\"Su mensaje\" name=\"your-message\"><\/textarea><\/span>\n\t<\/p>\n<\/div>\n<div>\n\t<p><input class=\"wpcf7-form-control wpcf7-submit has-spinner\" type=\"submit\" value=\"CONTACTE CON NOSOTROS\" \/>\n\t<\/p>\n<\/div><div class=\"wpcf7-response-output\" aria-hidden=\"true\"><\/div>\n<\/form>\n<\/div>\n[vc_empty_space height=\u00bb140px\u00bb][\/vc_column][vc_column width=\u00bb1\/3&#8243;][vc_empty_space][\/vc_column][\/vc_row]<\/p>\n<\/div>","protected":false},"excerpt":{"rendered":"<p>[vc_row row_content_width=\u00bbgrid\u00bb css=\u00bb.vc_custom_1491831764066{padding-top: 80px !important;background-color: #ffffff !important;}\u00bb][vc_column offset=\u00bbvc_col-md-12&#8243;][vc_row_inner row_content_width=\u00bbgrid\u00bb][vc_column_inner offset=\u00bbvc_col-lg-3 vc_col-md-4&#8243;][vc_column_text]JESSICA SIMONIUS[\/vc_column_text][vc_empty_space height=\u00bb10px\u00bb][vc_single_image image=\u00bb4681&#8243; img_size=\u00bbfull\u00bb][\/vc_column_inner][vc_column_inner offset=\u00bbvc_col-lg-9 vc_col-md-8&#8243;][vc_single_image image=\u00bb13773&#8243; img_size=\u00bblarge\u00bb][vc_empty_space height=\u00bb15px\u00bb][vc_column_text]Heredera de una de las familias nobles m\u00e1s antiguas de Suiza, Jessica Simonius representa la s\u00edntesis perfecta entre la tradici\u00f3n centenaria y la visi\u00f3n empresarial contempor\u00e1nea. [&hellip;]<\/p>\n","protected":false},"author":1,"featured_media":0,"parent":0,"menu_order":0,"comment_status":"closed","ping_status":"closed","template":"full-width.php","meta":{"footnotes":""},"class_list":["post-13766","page","type-page","status-publish","hentry"],"_links":{"self":[{"href":"https:\/\/www.temp.sosmy.business\/es\/wp-json\/wp\/v2\/pages\/13766","targetHints":{"allow":["GET"]}}],"collection":[{"href":"https:\/\/www.temp.sosmy.business\/es\/wp-json\/wp\/v2\/pages"}],"about":[{"href":"https:\/\/www.temp.sosmy.business\/es\/wp-json\/wp\/v2\/types\/page"}],"author":[{"embeddable":true,"href":"https:\/\/www.temp.sosmy.business\/es\/wp-json\/wp\/v2\/users\/1"}],"replies":[{"embeddable":true,"href":"https:\/\/www.temp.sosmy.business\/es\/wp-json\/wp\/v2\/comments?post=13766"}],"version-history":[{"count":6,"href":"https:\/\/www.temp.sosmy.business\/es\/wp-json\/wp\/v2\/pages\/13766\/revisions"}],"predecessor-version":[{"id":14698,"href":"https:\/\/www.temp.sosmy.business\/es\/wp-json\/wp\/v2\/pages\/13766\/revisions\/14698"}],"wp:attachment":[{"href":"https:\/\/www.temp.sosmy.business\/es\/wp-json\/wp\/v2\/media?parent=13766"}],"curies":[{"name":"wp","href":"https:\/\/api.w.org\/{rel}","templated":true}]}}

Sobre mí

<div class="wpb-content-wrapper"><p>[vc_row row_content_width=»grid» css=».vc_custom_1491831764066{padding-top: 80px !important;background-color: #ffffff !important;}»][vc_column offset=»vc_col-md-12&#8243;][vc_row_inner row_content_width=»grid»][vc_column_inner offset=»vc_col-lg-3 vc_col-md-4&#8243;][vc_column_text]<b>JESSICA SIMONIUS</b>[/vc_column_text][vc_empty_space height=»10px»][vc_single_image image=»4681&#8243; img_size=»full»][/vc_column_inner][vc_column_inner offset=»vc_col-lg-9 vc_col-md-8&#8243;][vc_single_image image=»13773&#8243; img_size=»large»][vc_empty_space height=»15px»][vc_column_text]<span style="font-weight: 400;">Heredera de una de las familias nobles más antiguas de Suiza, Jessica Simonius representa la síntesis perfecta entre la tradición centenaria y la visión empresarial contemporánea. Criada entre los viñedos históricos de Propriété Veillon Au Cloître, desarrolló desde muy joven una profunda pasión por el arte de la vinificación que ha caracterizado el patrimonio familiar durante más de doscientos años. Tras completar su formación en administración de empresas en prestigiosas universidades europeas y adquirir experiencia en los diversos sectores empresariales de la familia, Jessica optó por dedicar su carrera a la promoción de la excelencia del vino franco-suizo. Su misión es llevar al mundo la refinada tradición de los vinos alpinos, combinando la experiencia transmitida de generación en generación con innovadoras estrategias comerciales. Bajo su liderazgo, SIMONIUS Fine Swiss Wine se ha convertido en sinónimo de calidad superior y autenticidad, representando la evolución natural de un patrimonio familiar que une nobleza, competencia y pasión por la excelencia. </span>[/vc_column_text][vc_empty_space height=»140px»][/vc_column_inner][/vc_row_inner][vc_separator][/vc_column][/vc_row][vc_row row_content_width=»grid» css=».vc_custom_1492074346410{padding-top: 145px !important;padding-bottom: 140px !important;}»][vc_column]<div class="eltdf-section-title-holder" style="text-align: center">
			<h2 class="eltdf-st-title" >
			<span>AÑOS DE EXPERIENCIA</span>
		</h2>
                    <div class="eltdf-st-separator clearfix">
                <div class="eltdf-separator" ></div>
            </div>
        				<h4 class="eltdf-st-subtitle" >
		<span>El recorrido profesional de Jessica Simonius, desde la formación académica hasta el liderazgo en el sector del vino de lujo.</span>
		</h4>
		</div>[vc_empty_space height=»70px»]<div class="eltdf-elements-holder eltdf-responsive-mode-768" ><div class="eltdf-eh-item " data-item-class="eltdf-eh-custom-647559" data-1024-1280="0 5%" data-768-1024="0 0%" data-600-768="0 0%" data-480="0 0%" >
	<div class="eltdf-eh-item-inner" style="background-image: url();background-size: cover">
		<div class="eltdf-eh-item-content eltdf-eh-custom-647559" style="padding: 0 11%">
			<div class="eltdf-item-showcase-holder clearfix eltdf-is-narrow_image"><div class="eltdf-is-item eltdf-is-left">
	<div class="eltdf-is-content">
					<h5 class="eltdf-is-title" >
								2007 - 2009							</h5>
							<p class="eltdf-is-text" >Máster en International Business Management en la Universidad de San Galo, con especialización en bienes de lujo y mercados vinícolas internacionales, con enfoque en los territorios alpinos.</p>
			</div>
</div><div class="eltdf-is-item eltdf-is-left">
	<div class="eltdf-is-content">
					<h5 class="eltdf-is-title" >
								2009 - 2010							</h5>
							<p class="eltdf-is-text" >Prácticas formativas en la Propriété Veillon Au Cloître, aprendiendo las técnicas tradicionales de vinificación y desarrollando competencias en la gestión del patrimonio vitivinícola familiar.</p>
			</div>
</div><div class="eltdf-is-item eltdf-is-left">
	<div class="eltdf-is-content">
					<h5 class="eltdf-is-title" >
								2010 - 2013							</h5>
							<p class="eltdf-is-text" >Business Development Manager para el grupo familiar Simonius, coordinando inversiones en diversos sectores de la economía suiza y adquiriendo experiencia en gestión empresarial multisectorial.</p>
			</div>
</div><div class="eltdf-is-item eltdf-is-right">
	<div class="eltdf-is-content">
					<h5 class="eltdf-is-title" >
								2013 - 2014							</h5>
							<p class="eltdf-is-text" >Consultora estratégica para bodegas europeas de gama premium, desarrollando competencias en marketing internacional de vinos de excelencia y luxury branding.</p>
			</div>
</div><div class="eltdf-is-item eltdf-is-right">
	<div class="eltdf-is-content">
					<h5 class="eltdf-is-title" >
								2014 - 2016							</h5>
							<p class="eltdf-is-text" >Directora comercial de las actividades vinícolas familiares, implementando estrategias para valorizar la cartera Veillon Au Cloître y preparando la expansión comercial.</p>
			</div>
</div><div class="eltdf-is-item eltdf-is-right">
	<div class="eltdf-is-content">
					<h5 class="eltdf-is-title" >
								2017							</h5>
							<p class="eltdf-is-text" >Fundadora y Directora General de SIMONIUS Fine Swiss Wine, realizando la visión de llevar la excelencia vinícola franco-suiza a los mercados internacionales de lujo.</p>
			</div>
</div><div class="eltdf-is-image" style="margin-top: 196px"><img loading="lazy" decoding="async" width="58" height="125" src="https://www.temp.sosmy.business/wp-content/uploads/2017/03/about-me-title-img1.png" class="attachment-full size-full" alt="a" /></div></div>		</div>
	</div>
	</div></div>[/vc_column][/vc_row][vc_row row_content_width=»grid»][vc_column width=»1/3&#8243;][vc_empty_space][/vc_column][vc_column width=»1/3&#8243;]<div class="eltdf-section-title-holder" >
			<h2 class="eltdf-st-title" >
			<span>Contáctanos</span>
		</h2>
                    <div class="eltdf-st-separator clearfix">
                <div class="eltdf-separator" ></div>
            </div>
        			</div>
<div class="wpcf7 no-js" id="wpcf7-f13683-o1" lang="es-ES" dir="ltr" data-wpcf7-id="13683">
<div class="screen-reader-response"><p role="status" aria-live="polite" aria-atomic="true"></p> <ul></ul></div>
<form action="/es/wp-json/wp/v2/pages/13766#wpcf7-f13683-o1" method="post" class="wpcf7-form init" aria-label="Formulario de contacto" novalidate="novalidate" data-status="init">
<fieldset class="hidden-fields-container"><input type="hidden" name="_wpcf7" value="13683" /><input type="hidden" name="_wpcf7_version" value="6.1.4" /><input type="hidden" name="_wpcf7_locale" value="es_ES" /><input type="hidden" name="_wpcf7_unit_tag" value="wpcf7-f13683-o1" /><input type="hidden" name="_wpcf7_container_post" value="0" /><input type="hidden" name="_wpcf7_posted_data_hash" value="" />
</fieldset>
<div>
	<p><span class="wpcf7-form-control-wrap" data-name="your-name"><input size="40" maxlength="400" class="wpcf7-form-control wpcf7-text wpcf7-validates-as-required" aria-required="true" aria-invalid="false" placeholder="Su nombre*" value="" type="text" name="your-name" /></span>
	</p>
</div>
<div>
	<p><span class="wpcf7-form-control-wrap" data-name="email"><input size="40" maxlength="400" class="wpcf7-form-control wpcf7-email wpcf7-validates-as-required wpcf7-text wpcf7-validates-as-email" aria-required="true" aria-invalid="false" placeholder="Su correo electrónico*" value="" type="email" name="email" /></span>
	</p>
</div>
<div>
	<p><span class="wpcf7-form-control-wrap" data-name="your-message"><textarea cols="40" rows="8" maxlength="2000" class="wpcf7-form-control wpcf7-textarea" aria-invalid="false" placeholder="Su mensaje" name="your-message"></textarea></span>
	</p>
</div>
<div>
	<p><input class="wpcf7-form-control wpcf7-submit has-spinner" type="submit" value="CONTACTE CON NOSOTROS" />
	</p>
</div><div class="wpcf7-response-output" aria-hidden="true"></div>
</form>
</div>
[vc_empty_space height=»140px»][/vc_column][vc_column width=»1/3&#8243;][vc_empty_space][/vc_column][/vc_row]</p>
</div>

<p>[vc_row row_content_width=»grid» css=».vc_custom_1491831764066{padding-top: 80px !important;background-color: #ffffff !important;}»][vc_column offset=»vc_col-md-12&#8243;][vc_row_inner row_content_width=»grid»][vc_column_inner offset=»vc_col-lg-3 vc_col-md-4&#8243;][vc_column_text]JESSICA SIMONIUS[/vc_column_text][vc_empty_space height=»10px»][vc_single_image image=»4681&#8243; img_size=»full»][/vc_column_inner][vc_column_inner offset=»vc_col-lg-9 vc_col-md-8&#8243;][vc_single_image image=»13773&#8243; img_size=»large»][vc_empty_space height=»15px»][vc_column_text]Heredera de una de las familias nobles más antiguas de Suiza, Jessica Simonius representa la síntesis perfecta entre la tradición centenaria y la visión empresarial contemporánea. [&hellip;]</p>
