{"id":12405,"date":"2017-03-23T08:13:20","date_gmt":"2017-03-23T08:13:20","guid":{"rendered":"https:\/\/darkslategray-emu-634431.hostingersite.com\/ueber-mich\/"},"modified":"2026-01-27T17:57:55","modified_gmt":"2026-01-27T17:57:55","slug":"ueber-mich","status":"publish","type":"page","link":"https:\/\/www.temp.sosmy.business\/de\/ueber-mich\/","title":{"rendered":"\u00dcber mich"},"content":{"rendered":"<div class=\"wpb-content-wrapper\"><p>[vc_row row_content_width=&#8220;grid&#8220; css=&#8220;.vc_custom_1491831764066{padding-top: 80px !important;background-color: #ffffff !important;}&#8220;][vc_column offset=&#8220;vc_col-md-12&#8243;][vc_row_inner row_content_width=&#8220;grid&#8220;][vc_column_inner offset=&#8220;vc_col-lg-3 vc_col-md-4&#8243;][vc_column_text]<b>JESSICA SIMONIUS<\/b>[\/vc_column_text][vc_empty_space height=&#8220;10px&#8220;][vc_single_image image=&#8220;11774&#8243; img_size=&#8220;full&#8220;][\/vc_column_inner][vc_column_inner offset=&#8220;vc_col-lg-9 vc_col-md-8&#8243;][vc_single_image image=&#8220;12169&#8243; img_size=&#8220;large&#8220;][vc_empty_space height=&#8220;15px&#8220;][vc_column_text]<span style=\"font-weight: 400;\">Als Erbin einer der \u00e4ltesten Adelsfamilien der Schweiz verk\u00f6rpert Jessica Simonius die perfekte Synthese zwischen jahrhundertealter Tradition und zeitgen\u00f6ssischer unternehmerischer Vision. Aufgewachsen inmitten der historischen Weinberge von Propri\u00e9t\u00e9 Veillon Au Clo\u00eetre, entwickelte sie schon in jungen Jahren eine tiefe Leidenschaft f\u00fcr die Weinherstellung, die das Familienerbe seit \u00fcber zweihundert Jahren pr\u00e4gt. Nach Abschluss ihrer Ausbildung in Betriebswirtschaft an renommierten europ\u00e4ischen Universit\u00e4ten und dem Sammeln von Erfahrungen in den verschiedenen unternehmerischen Bereichen der Familie entschied sich Jessica, ihre Karriere der F\u00f6rderung der franz\u00f6sisch-schweizerischen Weinexzellenz zu widmen. Ihre Mission ist es, die raffinierte Tradition der Alpenweine in die Welt zu tragen und dabei das von Generation zu Generation weitergegebene Fachwissen mit innovativen kommerziellen Strategien zu verbinden. Unter ihrer F\u00fchrung ist SIMONIUS Fine Swiss Wine zum Synonym f\u00fcr Premiumqualit\u00e4t und Authentizit\u00e4t geworden und repr\u00e4sentiert die nat\u00fcrliche Entwicklung eines Familienerbes, das Adel, Kompetenz und Leidenschaft f\u00fcr Exzellenz vereint. <\/span>[\/vc_column_text][vc_empty_space height=&#8220;140px&#8220;][\/vc_column_inner][\/vc_row_inner][vc_separator][\/vc_column][\/vc_row][vc_row row_content_width=&#8220;grid&#8220; css=&#8220;.vc_custom_1492074346410{padding-top: 145px !important;padding-bottom: 140px !important;}&#8220;][vc_column]<div class=\"eltdf-section-title-holder\" style=\"text-align: center\">\n\t\t\t<h2 class=\"eltdf-st-title\" >\n\t\t\t<span>JAHRE ERFAHRUNG<\/span>\n\t\t<\/h2>\n                    <div class=\"eltdf-st-separator clearfix\">\n                <div class=\"eltdf-separator\" ><\/div>\n            <\/div>\n        \t\t\t\t<h4 class=\"eltdf-st-subtitle\" >\n\t\t<span>Jessica Simonius&#039; berufliche Laufbahn, von der akademischen Ausbildung bis zur F\u00fchrungsposition in der Luxusweinbranche.<\/span>\n\t\t<\/h4>\n\t\t<\/div>[vc_empty_space height=&#8220;70px&#8220;]<div class=\"eltdf-elements-holder eltdf-responsive-mode-768\" ><div class=\"eltdf-eh-item \" data-item-class=\"eltdf-eh-custom-659547\" data-1024-1280=\"0 5%\" data-768-1024=\"0 0%\" data-600-768=\"0 0%\" data-480=\"0 0%\" >\n\t<div class=\"eltdf-eh-item-inner\" style=\"background-image: url();background-size: cover\">\n\t\t<div class=\"eltdf-eh-item-content eltdf-eh-custom-659547\" style=\"padding: 0 11%\">\n\t\t\t<div class=\"eltdf-item-showcase-holder clearfix eltdf-is-narrow_image\"><div class=\"eltdf-is-item eltdf-is-left\">\n\t<div class=\"eltdf-is-content\">\n\t\t\t\t\t<h5 class=\"eltdf-is-title\" >\n\t\t\t\t\t\t\t\t2007 - 2009\t\t\t\t\t\t\t<\/h5>\n\t\t\t\t\t\t\t<p class=\"eltdf-is-text\" >Master in International Business Management an der Universit\u00e4t St. Gallen, mit Spezialisierung auf Luxusg\u00fcter und internationale Weinm\u00e4rkte mit Schwerpunkt auf alpinen Regionen.<\/p>\n\t\t\t<\/div>\n<\/div><div class=\"eltdf-is-item eltdf-is-left\">\n\t<div class=\"eltdf-is-content\">\n\t\t\t\t\t<h5 class=\"eltdf-is-title\" >\n\t\t\t\t\t\t\t\t2009 - 2010\t\t\t\t\t\t\t<\/h5>\n\t\t\t\t\t\t\t<p class=\"eltdf-is-text\" >Ausbildungspraktikum bei Propri\u00e9t\u00e9 Veillon Au Clo\u00eetre, Erlernen traditioneller Weinbereitungstechniken und Entwicklung von F\u00e4higkeiten im Management des famili\u00e4ren Weinerbes.<\/p>\n\t\t\t<\/div>\n<\/div><div class=\"eltdf-is-item eltdf-is-left\">\n\t<div class=\"eltdf-is-content\">\n\t\t\t\t\t<h5 class=\"eltdf-is-title\" >\n\t\t\t\t\t\t\t\t2010 - 2013\t\t\t\t\t\t\t<\/h5>\n\t\t\t\t\t\t\t<p class=\"eltdf-is-text\" >Business Development Manager f\u00fcr die Simonius-Familiengruppe, Koordination von Investitionen in verschiedenen Bereichen der Schweizer Wirtschaft und Sammeln von Erfahrung im Multi-Sektor-Gesch\u00e4ftsmanagement.<\/p>\n\t\t\t<\/div>\n<\/div><div class=\"eltdf-is-item eltdf-is-right\">\n\t<div class=\"eltdf-is-content\">\n\t\t\t\t\t<h5 class=\"eltdf-is-title\" >\n\t\t\t\t\t\t\t\t2013 - 2014\t\t\t\t\t\t\t<\/h5>\n\t\t\t\t\t\t\t<p class=\"eltdf-is-text\" >Strategischer Berater f\u00fcr europ\u00e4ische Premium-Weing\u00fcter, Entwicklung von Fachwissen im internationalen Marketing ausgezeichneter Weine und im Luxus-Branding.<\/p>\n\t\t\t<\/div>\n<\/div><div class=\"eltdf-is-item eltdf-is-right\">\n\t<div class=\"eltdf-is-content\">\n\t\t\t\t\t<h5 class=\"eltdf-is-title\" >\n\t\t\t\t\t\t\t\t2014 - 2016\t\t\t\t\t\t\t<\/h5>\n\t\t\t\t\t\t\t<p class=\"eltdf-is-text\" >Kaufm\u00e4nnischer Direktor f\u00fcr die Weinaktivit\u00e4ten der Familie, Umsetzung von Strategien zur St\u00e4rkung des Portfolios Veillon Au Clo\u00eetre und Vorbereitung der kommerziellen Expansion.<\/p>\n\t\t\t<\/div>\n<\/div><div class=\"eltdf-is-item eltdf-is-right\">\n\t<div class=\"eltdf-is-content\">\n\t\t\t\t\t<h5 class=\"eltdf-is-title\" >\n\t\t\t\t\t\t\t\t2017\t\t\t\t\t\t\t<\/h5>\n\t\t\t\t\t\t\t<p class=\"eltdf-is-text\" >Gr\u00fcnder und Gesch\u00e4ftsf\u00fchrer von SIMONIUS Fine Swiss Wine, Verwirklichung der Vision, die franz\u00f6sisch-schweizerische Weinexzellenz in die internationalen Luxusm\u00e4rkte zu bringen.<\/p>\n\t\t\t<\/div>\n<\/div><div class=\"eltdf-is-image\" style=\"margin-top: 196px\"><img loading=\"lazy\" decoding=\"async\" width=\"58\" height=\"125\" src=\"https:\/\/www.temp.sosmy.business\/wp-content\/uploads\/2017\/03\/about-me-title-img1.png\" class=\"attachment-full size-full\" alt=\"a\" \/><\/div><\/div>\t\t<\/div>\n\t<\/div>\n\t<\/div><\/div>[\/vc_column][\/vc_row][vc_row row_content_width=&#8220;grid&#8220;][vc_column width=&#8220;1\/3&#8243;][vc_empty_space][\/vc_column][vc_column width=&#8220;1\/3&#8243;]<div class=\"eltdf-section-title-holder\" >\n\t\t\t<h2 class=\"eltdf-st-title\" >\n\t\t\t<span>Kontakt<\/span>\n\t\t<\/h2>\n                    <div class=\"eltdf-st-separator clearfix\">\n                <div class=\"eltdf-separator\" ><\/div>\n            <\/div>\n        \t\t\t<\/div>\n<div class=\"wpcf7 no-js\" id=\"wpcf7-f12492-o1\" lang=\"de-DE\" dir=\"ltr\" data-wpcf7-id=\"12492\">\n<div class=\"screen-reader-response\"><p role=\"status\" aria-live=\"polite\" aria-atomic=\"true\"><\/p> <ul><\/ul><\/div>\n<form action=\"\/de\/wp-json\/wp\/v2\/pages\/12405#wpcf7-f12492-o1\" method=\"post\" class=\"wpcf7-form init\" aria-label=\"Kontaktformular\" novalidate=\"novalidate\" data-status=\"init\">\n<fieldset class=\"hidden-fields-container\"><input type=\"hidden\" name=\"_wpcf7\" value=\"12492\" \/><input type=\"hidden\" name=\"_wpcf7_version\" value=\"6.1.4\" \/><input type=\"hidden\" name=\"_wpcf7_locale\" value=\"de_DE\" \/><input type=\"hidden\" name=\"_wpcf7_unit_tag\" value=\"wpcf7-f12492-o1\" \/><input type=\"hidden\" name=\"_wpcf7_container_post\" value=\"0\" \/><input type=\"hidden\" name=\"_wpcf7_posted_data_hash\" value=\"\" \/>\n<\/fieldset>\n<div>\n\t<p><span class=\"wpcf7-form-control-wrap\" data-name=\"your-name\"><input size=\"40\" maxlength=\"400\" class=\"wpcf7-form-control wpcf7-text wpcf7-validates-as-required\" aria-required=\"true\" aria-invalid=\"false\" placeholder=\"Ihr Name*\" value=\"\" type=\"text\" name=\"your-name\" \/><\/span>\n\t<\/p>\n<\/div>\n<div>\n\t<p><span class=\"wpcf7-form-control-wrap\" data-name=\"email\"><input size=\"40\" maxlength=\"400\" class=\"wpcf7-form-control wpcf7-email wpcf7-validates-as-required wpcf7-text wpcf7-validates-as-email\" aria-required=\"true\" aria-invalid=\"false\" placeholder=\"Ihre E-Mail*\" value=\"\" type=\"email\" name=\"email\" \/><\/span>\n\t<\/p>\n<\/div>\n<div>\n\t<p><span class=\"wpcf7-form-control-wrap\" data-name=\"your-message\"><textarea cols=\"40\" rows=\"8\" maxlength=\"2000\" class=\"wpcf7-form-control wpcf7-textarea\" aria-invalid=\"false\" placeholder=\"Ihre Nachricht\" name=\"your-message\"><\/textarea><\/span>\n\t<\/p>\n<\/div>\n<div>\n\t<p><input class=\"wpcf7-form-control wpcf7-submit has-spinner\" type=\"submit\" value=\"KONTAKTIEREN SIE UNS\" \/>\n\t<\/p>\n<\/div><div class=\"wpcf7-response-output\" aria-hidden=\"true\"><\/div>\n<\/form>\n<\/div>\n[vc_empty_space height=&#8220;140px&#8220;][\/vc_column][vc_column width=&#8220;1\/3&#8243;][vc_empty_space][\/vc_column][\/vc_row]<\/p>\n<\/div>","protected":false},"excerpt":{"rendered":"<p>[vc_row row_content_width=&#8220;grid&#8220; css=&#8220;.vc_custom_1491831764066{padding-top: 80px !important;background-color: #ffffff !important;}&#8220;][vc_column offset=&#8220;vc_col-md-12&#8243;][vc_row_inner row_content_width=&#8220;grid&#8220;][vc_column_inner offset=&#8220;vc_col-lg-3 vc_col-md-4&#8243;][vc_column_text]JESSICA SIMONIUS[\/vc_column_text][vc_empty_space height=&#8220;10px&#8220;][vc_single_image image=&#8220;11774&#8243; img_size=&#8220;full&#8220;][\/vc_column_inner][vc_column_inner offset=&#8220;vc_col-lg-9 vc_col-md-8&#8243;][vc_single_image image=&#8220;12169&#8243; img_size=&#8220;large&#8220;][vc_empty_space height=&#8220;15px&#8220;][vc_column_text]Als Erbin einer der \u00e4ltesten Adelsfamilien der Schweiz verk\u00f6rpert Jessica Simonius die perfekte Synthese zwischen jahrhundertealter Tradition und zeitgen\u00f6ssischer unternehmerischer Vision. Aufgewachsen inmitten der historischen Weinberge [&hellip;]<\/p>\n","protected":false},"author":1,"featured_media":0,"parent":0,"menu_order":0,"comment_status":"closed","ping_status":"closed","template":"full-width.php","meta":{"footnotes":""},"class_list":["post-12405","page","type-page","status-publish","hentry"],"_links":{"self":[{"href":"https:\/\/www.temp.sosmy.business\/de\/wp-json\/wp\/v2\/pages\/12405","targetHints":{"allow":["GET"]}}],"collection":[{"href":"https:\/\/www.temp.sosmy.business\/de\/wp-json\/wp\/v2\/pages"}],"about":[{"href":"https:\/\/www.temp.sosmy.business\/de\/wp-json\/wp\/v2\/types\/page"}],"author":[{"embeddable":true,"href":"https:\/\/www.temp.sosmy.business\/de\/wp-json\/wp\/v2\/users\/1"}],"replies":[{"embeddable":true,"href":"https:\/\/www.temp.sosmy.business\/de\/wp-json\/wp\/v2\/comments?post=12405"}],"version-history":[{"count":6,"href":"https:\/\/www.temp.sosmy.business\/de\/wp-json\/wp\/v2\/pages\/12405\/revisions"}],"predecessor-version":[{"id":14685,"href":"https:\/\/www.temp.sosmy.business\/de\/wp-json\/wp\/v2\/pages\/12405\/revisions\/14685"}],"wp:attachment":[{"href":"https:\/\/www.temp.sosmy.business\/de\/wp-json\/wp\/v2\/media?parent=12405"}],"curies":[{"name":"wp","href":"https:\/\/api.w.org\/{rel}","templated":true}]}}

Über mich

<div class="wpb-content-wrapper"><p>[vc_row row_content_width=&#8220;grid&#8220; css=&#8220;.vc_custom_1491831764066{padding-top: 80px !important;background-color: #ffffff !important;}&#8220;][vc_column offset=&#8220;vc_col-md-12&#8243;][vc_row_inner row_content_width=&#8220;grid&#8220;][vc_column_inner offset=&#8220;vc_col-lg-3 vc_col-md-4&#8243;][vc_column_text]<b>JESSICA SIMONIUS</b>[/vc_column_text][vc_empty_space height=&#8220;10px&#8220;][vc_single_image image=&#8220;11774&#8243; img_size=&#8220;full&#8220;][/vc_column_inner][vc_column_inner offset=&#8220;vc_col-lg-9 vc_col-md-8&#8243;][vc_single_image image=&#8220;12169&#8243; img_size=&#8220;large&#8220;][vc_empty_space height=&#8220;15px&#8220;][vc_column_text]<span style="font-weight: 400;">Als Erbin einer der ältesten Adelsfamilien der Schweiz verkörpert Jessica Simonius die perfekte Synthese zwischen jahrhundertealter Tradition und zeitgenössischer unternehmerischer Vision. Aufgewachsen inmitten der historischen Weinberge von Propriété Veillon Au Cloître, entwickelte sie schon in jungen Jahren eine tiefe Leidenschaft für die Weinherstellung, die das Familienerbe seit über zweihundert Jahren prägt. Nach Abschluss ihrer Ausbildung in Betriebswirtschaft an renommierten europäischen Universitäten und dem Sammeln von Erfahrungen in den verschiedenen unternehmerischen Bereichen der Familie entschied sich Jessica, ihre Karriere der Förderung der französisch-schweizerischen Weinexzellenz zu widmen. Ihre Mission ist es, die raffinierte Tradition der Alpenweine in die Welt zu tragen und dabei das von Generation zu Generation weitergegebene Fachwissen mit innovativen kommerziellen Strategien zu verbinden. Unter ihrer Führung ist SIMONIUS Fine Swiss Wine zum Synonym für Premiumqualität und Authentizität geworden und repräsentiert die natürliche Entwicklung eines Familienerbes, das Adel, Kompetenz und Leidenschaft für Exzellenz vereint. </span>[/vc_column_text][vc_empty_space height=&#8220;140px&#8220;][/vc_column_inner][/vc_row_inner][vc_separator][/vc_column][/vc_row][vc_row row_content_width=&#8220;grid&#8220; css=&#8220;.vc_custom_1492074346410{padding-top: 145px !important;padding-bottom: 140px !important;}&#8220;][vc_column]<div class="eltdf-section-title-holder" style="text-align: center">
			<h2 class="eltdf-st-title" >
			<span>JAHRE ERFAHRUNG</span>
		</h2>
                    <div class="eltdf-st-separator clearfix">
                <div class="eltdf-separator" ></div>
            </div>
        				<h4 class="eltdf-st-subtitle" >
		<span>Jessica Simonius&#039; berufliche Laufbahn, von der akademischen Ausbildung bis zur Führungsposition in der Luxusweinbranche.</span>
		</h4>
		</div>[vc_empty_space height=&#8220;70px&#8220;]<div class="eltdf-elements-holder eltdf-responsive-mode-768" ><div class="eltdf-eh-item " data-item-class="eltdf-eh-custom-659547" data-1024-1280="0 5%" data-768-1024="0 0%" data-600-768="0 0%" data-480="0 0%" >
	<div class="eltdf-eh-item-inner" style="background-image: url();background-size: cover">
		<div class="eltdf-eh-item-content eltdf-eh-custom-659547" style="padding: 0 11%">
			<div class="eltdf-item-showcase-holder clearfix eltdf-is-narrow_image"><div class="eltdf-is-item eltdf-is-left">
	<div class="eltdf-is-content">
					<h5 class="eltdf-is-title" >
								2007 - 2009							</h5>
							<p class="eltdf-is-text" >Master in International Business Management an der Universität St. Gallen, mit Spezialisierung auf Luxusgüter und internationale Weinmärkte mit Schwerpunkt auf alpinen Regionen.</p>
			</div>
</div><div class="eltdf-is-item eltdf-is-left">
	<div class="eltdf-is-content">
					<h5 class="eltdf-is-title" >
								2009 - 2010							</h5>
							<p class="eltdf-is-text" >Ausbildungspraktikum bei Propriété Veillon Au Cloître, Erlernen traditioneller Weinbereitungstechniken und Entwicklung von Fähigkeiten im Management des familiären Weinerbes.</p>
			</div>
</div><div class="eltdf-is-item eltdf-is-left">
	<div class="eltdf-is-content">
					<h5 class="eltdf-is-title" >
								2010 - 2013							</h5>
							<p class="eltdf-is-text" >Business Development Manager für die Simonius-Familiengruppe, Koordination von Investitionen in verschiedenen Bereichen der Schweizer Wirtschaft und Sammeln von Erfahrung im Multi-Sektor-Geschäftsmanagement.</p>
			</div>
</div><div class="eltdf-is-item eltdf-is-right">
	<div class="eltdf-is-content">
					<h5 class="eltdf-is-title" >
								2013 - 2014							</h5>
							<p class="eltdf-is-text" >Strategischer Berater für europäische Premium-Weingüter, Entwicklung von Fachwissen im internationalen Marketing ausgezeichneter Weine und im Luxus-Branding.</p>
			</div>
</div><div class="eltdf-is-item eltdf-is-right">
	<div class="eltdf-is-content">
					<h5 class="eltdf-is-title" >
								2014 - 2016							</h5>
							<p class="eltdf-is-text" >Kaufmännischer Direktor für die Weinaktivitäten der Familie, Umsetzung von Strategien zur Stärkung des Portfolios Veillon Au Cloître und Vorbereitung der kommerziellen Expansion.</p>
			</div>
</div><div class="eltdf-is-item eltdf-is-right">
	<div class="eltdf-is-content">
					<h5 class="eltdf-is-title" >
								2017							</h5>
							<p class="eltdf-is-text" >Gründer und Geschäftsführer von SIMONIUS Fine Swiss Wine, Verwirklichung der Vision, die französisch-schweizerische Weinexzellenz in die internationalen Luxusmärkte zu bringen.</p>
			</div>
</div><div class="eltdf-is-image" style="margin-top: 196px"><img loading="lazy" decoding="async" width="58" height="125" src="https://www.temp.sosmy.business/wp-content/uploads/2017/03/about-me-title-img1.png" class="attachment-full size-full" alt="a" /></div></div>		</div>
	</div>
	</div></div>[/vc_column][/vc_row][vc_row row_content_width=&#8220;grid&#8220;][vc_column width=&#8220;1/3&#8243;][vc_empty_space][/vc_column][vc_column width=&#8220;1/3&#8243;]<div class="eltdf-section-title-holder" >
			<h2 class="eltdf-st-title" >
			<span>Kontakt</span>
		</h2>
                    <div class="eltdf-st-separator clearfix">
                <div class="eltdf-separator" ></div>
            </div>
        			</div>
<div class="wpcf7 no-js" id="wpcf7-f12492-o1" lang="de-DE" dir="ltr" data-wpcf7-id="12492">
<div class="screen-reader-response"><p role="status" aria-live="polite" aria-atomic="true"></p> <ul></ul></div>
<form action="/de/wp-json/wp/v2/pages/12405#wpcf7-f12492-o1" method="post" class="wpcf7-form init" aria-label="Kontaktformular" novalidate="novalidate" data-status="init">
<fieldset class="hidden-fields-container"><input type="hidden" name="_wpcf7" value="12492" /><input type="hidden" name="_wpcf7_version" value="6.1.4" /><input type="hidden" name="_wpcf7_locale" value="de_DE" /><input type="hidden" name="_wpcf7_unit_tag" value="wpcf7-f12492-o1" /><input type="hidden" name="_wpcf7_container_post" value="0" /><input type="hidden" name="_wpcf7_posted_data_hash" value="" />
</fieldset>
<div>
	<p><span class="wpcf7-form-control-wrap" data-name="your-name"><input size="40" maxlength="400" class="wpcf7-form-control wpcf7-text wpcf7-validates-as-required" aria-required="true" aria-invalid="false" placeholder="Ihr Name*" value="" type="text" name="your-name" /></span>
	</p>
</div>
<div>
	<p><span class="wpcf7-form-control-wrap" data-name="email"><input size="40" maxlength="400" class="wpcf7-form-control wpcf7-email wpcf7-validates-as-required wpcf7-text wpcf7-validates-as-email" aria-required="true" aria-invalid="false" placeholder="Ihre E-Mail*" value="" type="email" name="email" /></span>
	</p>
</div>
<div>
	<p><span class="wpcf7-form-control-wrap" data-name="your-message"><textarea cols="40" rows="8" maxlength="2000" class="wpcf7-form-control wpcf7-textarea" aria-invalid="false" placeholder="Ihre Nachricht" name="your-message"></textarea></span>
	</p>
</div>
<div>
	<p><input class="wpcf7-form-control wpcf7-submit has-spinner" type="submit" value="KONTAKTIEREN SIE UNS" />
	</p>
</div><div class="wpcf7-response-output" aria-hidden="true"></div>
</form>
</div>
[vc_empty_space height=&#8220;140px&#8220;][/vc_column][vc_column width=&#8220;1/3&#8243;][vc_empty_space][/vc_column][/vc_row]</p>
</div>

<p>[vc_row row_content_width=&#8220;grid&#8220; css=&#8220;.vc_custom_1491831764066{padding-top: 80px !important;background-color: #ffffff !important;}&#8220;][vc_column offset=&#8220;vc_col-md-12&#8243;][vc_row_inner row_content_width=&#8220;grid&#8220;][vc_column_inner offset=&#8220;vc_col-lg-3 vc_col-md-4&#8243;][vc_column_text]JESSICA SIMONIUS[/vc_column_text][vc_empty_space height=&#8220;10px&#8220;][vc_single_image image=&#8220;11774&#8243; img_size=&#8220;full&#8220;][/vc_column_inner][vc_column_inner offset=&#8220;vc_col-lg-9 vc_col-md-8&#8243;][vc_single_image image=&#8220;12169&#8243; img_size=&#8220;large&#8220;][vc_empty_space height=&#8220;15px&#8220;][vc_column_text]Als Erbin einer der ältesten Adelsfamilien der Schweiz verkörpert Jessica Simonius die perfekte Synthese zwischen jahrhundertealter Tradition und zeitgenössischer unternehmerischer Vision. Aufgewachsen inmitten der historischen Weinberge [&hellip;]</p>
